f 97774?
2, 19, 31, 83
What are the prime factors of 400561?
7, 57223
What are the prime factors of 837936?
2, 3, 11, 23
List the prime factors of 1172653.
43, 27271
What are the prime factors of 4179483?
3, 7, 11, 37, 163
What are the prime factors of 981721?
13, 37, 157
What are the prime factors of 113570?
2, 5, 41, 277
List the prime factors of 1146458.
2, 23, 24923
List the prime factors of 138390.
2, 3, 5, 7, 659
What are the prime factors of 6376020?
2, 3, 5, 7, 17, 19, 47
List the prime factors of 822483.
3, 91387
What are the prime factors of 10031706?
2, 3, 109, 5113
List the prime factors of 78255.
3, 5, 37, 47
List the prime factors of 7320595.
5, 137, 10687
List the prime factors of 22300.
2, 5, 223
List the prime factors of 96859.
7, 101, 137
List the prime factors of 948329.
29, 53, 617
List the prime factors of 1442325.
3, 5, 19231
List the prime factors of 31626.
2, 3, 7, 251
List the prime factors of 189418.
2, 94709
What are the prime factors of 234537?
3, 78179
List the prime factors of 11153089.
2843, 3923
What are the prime factors of 4857633?
3, 11, 139, 353
List the prime factors of 998037.
3, 173, 641
List the prime factors of 2412580.
2, 5, 71, 1699
What are the prime factors of 17423539?
7, 2489077
What are the prime factors of 2442089?
13, 19, 9887
What are the prime factors of 6861273?
3, 313, 7307
List the prime factors of 6866431.
11, 13, 48017
List the prime factors of 2904819.
3, 968273
List the prime factors of 16959197.
3413, 4969
List the prime factors of 1001318.
2, 379, 1321
List the prime factors of 4655152.
2, 19, 15313
List the prime factors of 33401154.
2, 3, 241, 23099
What are the prime factors of 4655470?
2, 5, 71, 79, 83
What are the prime factors of 1017932?
2, 173, 1471
List the prime factors of 2981054.
2, 1490527
What are the prime factors of 2523017?
7, 41, 59, 149
List the prime factors of 1800706.
2, 19, 47387
List the prime factors of 399306.
2, 3, 61, 1091
What are the prime factors of 8074912?
2, 252341
What are the prime factors of 1004767?
947, 1061
What are the prime factors of 9126976?
2, 142609
What are the prime factors of 4863524?
2, 1215881
What are the prime factors of 13580154?
2, 3, 7, 89, 173
What are the prime factors of 1150477?
79, 14563
What are the prime factors of 25933?
25933
What are the prime factors of 854094?
2, 3, 283, 503
What are the prime factors of 1282515?
3, 5, 13, 6577
What are the prime factors of 7934181?
3, 2644727
List the prime factors of 2778085.
5, 19, 29243
List the prime factors of 997542.
2, 3, 7, 13, 29
What are the prime factors of 17309693?
43, 402551
What are the prime factors of 200834?
2, 100417
What are the prime factors of 3380758?
2, 139, 12161
What are the prime factors of 169730?
2, 5, 11, 1543
List the prime factors of 1345601.
17, 79153
List the prime factors of 7564051.
11, 687641
List the prime factors of 314006.
2, 7, 11, 2039
What are the prime factors of 28539457?
4409, 6473
List the prime factors of 131280.
2, 3, 5, 547
What are the prime factors of 291589?
79, 3691
What are the prime factors of 3900790?
2, 5, 29, 13451
What are the prime factors of 1643191?
11, 149381
What are the prime factors of 1917497?
71, 113, 239
List the prime factors of 1619778.
2, 3, 103, 2621
List the prime factors of 12452.
2, 11, 283
What are the prime factors of 258748?
2, 7, 9241
List the prime factors of 11931545.
5, 2386309
List the prime factors of 89976.
2, 3, 23, 163
List the prime factors of 93829.
101, 929
What are the prime factors of 1330780?
2, 5, 11, 23, 263
List the prime factors of 1384753.
1153, 1201
What are the prime factors of 10048182?
2, 3, 197, 8501
List the prime factors of 1381871.
1381871
What are the prime factors of 383429?
383429
List the prime factors of 6534243.
3, 242009
List the prime factors of 11296686.
2, 3, 1882781
What are the prime factors of 7368314?
2, 19, 97, 1999
List the prime factors of 1468544.
2, 7, 11, 149
List the prime factors of 1859525.
5, 74381
What are the prime factors of 4064130?
2, 3, 5, 7, 6451
List the prime factors of 2800919.
11, 89, 2861
What are the prime factors of 2697968?
2, 7, 13, 17, 109
What are the prime factors of 509830?
2, 5, 17, 2999
List the prime factors of 6230183.
907, 6869
What are the prime factors of 229522?
2, 114761
What are the prime factors of 6704497?
6704497
List the prime factors of 451092.
2, 3, 37591
List the prime factors of 755141.
59, 12799
List the prime factors of 2801549.
17, 223, 739
List the prime factors of 29133338.
2, 13, 1120513
List the prime factors of 341240.
2, 5, 19, 449
List the prime factors of 647233.
617, 1049
List the prime factors of 972712.
2, 13, 47, 199
What are the prime factors of 3927180?
2, 3, 5, 29, 37, 61
What are the prime factors of 1512632?
2, 11, 17189
List the prime factors of 733363.
17, 179, 241
List the prime factors of 1307226.
2, 3, 223, 977
List the prime factors of 2175830.
2, 5, 17, 12799
What are the prime factors of 437098?
2, 218549
List the prime factors of 108245.
5, 21649
What are the prime factors of 8187371?
59, 151, 919
What are the prime factors of 1058856?
2, 3, 44119
What are the prime factors of 1069767?
3, 47, 281
List the prime factors of 638769.
3, 212923
What are the prime factors of 15151748?
2, 3787937
What are the prime factors of 156386?
2, 78193
What are the prime factors of 423552?
2, 3, 1103
What are the prime factors of 2272576?
2, 35509
What are the prime factors of 28583?
101, 283
List the prime factors of 260778.
2, 3, 7, 887
What are the prime factors of 189582?
2, 3, 19, 1663
What are the prime factors of 277659?
3, 30851
List the prime factors of 559010.
2, 5, 55901
What are the prime factors of 609563?
389, 1567
What are the prime factors of 11836?
2, 11, 269
What are the prime factors of 2619079?
23, 4951
What are the prime factors of 321761?
11, 29251
What are the prime factors of 426980?
2, 5, 37, 577
List the prime factors of 8039029.
23, 193, 1811
List the prime factors of 1267712.
2, 619
List the prime factors of 327763.
31, 97, 109
What are the prime factors of 1127984?
2, 11, 13, 17, 29
What are the prime factors of 862608?
2, 3, 17971
What are the prime factors of 6001513?
7, 659, 1301
List the prime factors of 1309937.
47, 593
List the prime factors of 6500736.
2, 3, 11, 19
List the prime factors of 7292681.
11, 113, 5867
What are the prime factors of 7922783?
11, 720253
List the prime factors of 4227766.
2, 19, 71, 1567
What are the prime factors of 25267077?
3, 11, 31, 8233
List the prime factors of 416580.
2, 3, 5, 53, 131
List the prime factors of 436114.
2, 7, 31151
List the prime factors of 504519.
3, 43, 3911
List the prime factors of 617996.
2, 43, 3593
List the prime factors of 35346.
2, 3, 43, 137
List the prime factors of 61192.
2, 7649
List the prime factors of 386087.
13, 17, 1747
List the prime factors of 13668701.
13668701
What are the prime factors of 8929044?
2, 3, 97, 2557
List the prime factors of 636839.
7, 90977
List the prime factors of 9545006.
2, 4772503
List the prime factors of 1469929.
317, 4637
What are the prime factors of 268661?
268661
List the prime factors of 46481.
53, 877
List the prime factors of 1599677.
1599677
What are the prime factors of 364123?
17, 21419
What are the prime factors of 47973?
3, 15991
What are the prime factors of 291281?
163, 1787
What are the prime factors of 2514624?
2, 3, 7, 1871
List the prime factors of 268213.
11, 37, 659
What are the prime factors of 21983240?
2, 5, 463, 1187
List the prime factors of 771729.
3, 7, 36749
List the prime factors of 2172333.
3, 724111
What are the prime factors of 1919828?
2, 479957
What are the prime factors of 805327?
805327
What are the prime factors of 53343?
3, 5927
What are the prime factors of 189379?
31, 41, 149
List the prime factors of 10239032.
2, 17, 79, 953
List the prime factors of 49552.
2, 19, 163
List the prime factors of 10031130.
2, 3, 5, 227, 491
What are the prime factors of 13013493?
3, 137, 31663
List the prime factors of 159276.
2, 3, 13, 1021
What are the prime factors of 2735156?
2, 683789
List the prime factors of 1711550.
2, 5, 34231
What are the prime factors of 146583?
3, 61, 89
List the prime factors of 44208.
2, 3, 307
List the prime factors of 95